4, -3*w = a - 552. Calculate the remainder when w is divided by 31.
28
What is the remainder when ((-1)/3)/(-1*(-2)/(-342)) is divided by 15?
12
Let m(t) = t**2 - t + 1. Suppose -3*a + 4 = -2*k, 5*a - 38 - 2 = -5*k. What is the remainder when m(-3) is divided by k?
1
Let p(b) = 0*b**2 + 1 - 7*b**2 + 5*b**2 + b**3 - 4*b - 2*b**3. What is the remainder when p(-4) is divided by 17?
15
Let w = 13 - -6. Suppose -4*f = 5*r - 0*r - 290, 3*f - 15 = 0. What is the remainder when r is divided by w?
16
Let k = 38 + -6. What is the remainder when k is divided by 12?
8
Let q = 31 + 17. Calculate the remainder when q is divided by 7.
6
Suppose 5*r = -2*d + 40, 5*d = 6 - 31. Suppose -k = -4 + 2. Suppose -r + 52 = k*y. Calculate the remainder when y is divided by 11.
10
Let b(x) = 4*x**2 + x - 4. Let g be b(3). Calculate the remainder when 6/21 - (-1740)/g is divided by 13.
11
Let d(b) = -b**3 - 4*b**2 + 15*b - 11. What is the remainder when 185 is divided by d(-7)?
30
Let c(x) = 2*x**2 + 3*x - 2. Let z be -2*(0 - 1)*1. Calculate the remainder when 22 is divided by c(z).
10
Suppose -3*z + 76 = z. Let f(v) = 5*v + 2 - v + 0 + 0. Calculate the remainder when z is divided by f(2).
9
Let j(o) = -o**3 + o + 12. Let t be j(0). Let x = t - -1. Calculate the remainder when 23 is divided by x.
10
Let w(y) = -4*y**3 - 3*y**2 - y + 2. Let z be -4 + (2 + -1 - -1). Calculate the remainder when w(z) is divided by 9.
6
Suppose 0 = -2*y - x + 29, 5*x + 3 - 43 = -3*y. What is the remainder when y is divided by 8?
7
Suppose 5*z - 31 = -n, -4 = -2*z - 2*z. Calculate the remainder when 77 is divided by n.
25
Calculate the remainder when 7 is divided by 32/12*(-6)/(-8).
1
Suppose 0*x - x = -44. Calculate the remainder when 85 is divided by x.
41
What is the remainder when -1 + 1/(2/188) is divided by (-190)/(-8) - (-3)/12?
21
Let b be 2 - (1 + 0)*-27. Suppose -5*l + 46 = -b. Calculate the remainder when 43 is divided by l.
13
Suppose 10 = 3*z + 1. Suppose 5*i - z*x + 0*x = -32, 3*i + 23 = -2*x. Let g = -4 - i. Calculate the remainder when g is divided by 2.
1
Let l = -6 + 11. Suppose 0*n + l*n = 25. Suppose -2*m + n*m = 21. Calculate the remainder when m is divided by 4.
3
Let m(s) = -4*s**3 + s - 1. Let b be m(1). Let k = b + 8. What is the remainder when 10 is divided by k?
2
Let r(v) = -2*v**3 - 4*v**2 - 3*v - 4. What is the remainder when r(-3) is divided by 4?
3
What is the remainder when 3/21 + 1593/21 is divided by 11?
10
Let j be 2/((8/(-81))/4). Let q = -57 - j. Let k = q - 6. Calculate the remainder when 53 is divided by k.
17
Let n be (17 - 2) + 4 + -3. Suppose 16 = 4*f - n. What is the remainder when 14 is divided by f?
6
Let v(y) = y**3 - 14*y**2 - 17*y + 37. Suppose u - 25 = 2*l, 3*u - 30 = -5*l + 56. Calculate the remainder when u is divided by v(15).
6
Suppose -96*s = -94*s - 260. What is the remainder when s is divided by 33?
31
Suppose 93 = 12*j - 1971. What is the remainder when j is divided by 44?
40
Let j be (-225)/(-20) - 2/8. Let y = j - -5. What is the remainder when 30 is divided by y?
14
Let n = 48 - 1. Calculate the remainder when n is divided by 24.
23
Let m(x) = 2*x**2 + 9*x + 3. Let u = -5 + -1. What is the remainder when 83 is divided by m(u)?
20
Suppose 6*p + 102 = 3*p. Let z = 65 + p. What is the remainder when z is divided by 8?
7
Let i(d) = d**3 + 4*d**2 - 11*d + 3. Calculate the remainder when 96 is divided by i(3).
30
Suppose -5 - 6 = -3*a - n, 4 = -4*n. Calculate the remainder when 6 is divided by a.
2
Let d = -70 - -79. What is the remainder when 17 is divided by d?
8
Calculate the remainder when 15 is divided by (3 - (2 + 1)) + 6.
3
Let g(x) = -7*x**2 + 5 - 3 - 5. Let m(l) = -l**2 + l - 1. Let v(y) = -g(y) + 4*m(y). What is the remainder when v(-3) is divided by 8?
6
Calculate the remainder when 12 is divided by 2/(-16) + 260/32.
4
Let c(g) = -g + 1. Let x(q) = q - 8. Let t(l) = 4*c(l) + x(l). Let w(m) = m**2 - 4*m. Let y be w(2). What is the remainder when t(y) is divided by 3?
2
Let x(g) = g**2 - 6*g + 3. Let w be x(5). What is the remainder when w - (-1)/((-1)/(-9)) is divided by 4?
3
Suppose 2*i = -2*i - 648. Let o = -75 - i. Suppose 3*g - 61 - 20 = l, 3*g - o = 3*l. Calculate the remainder when g is divided by 9.
8
Let u = 1 - 3. Let i be (16/(-6))/(u/6). Suppose -4*g + i*g = 4*k - 44, 0 = -3*k + 2*g + 34. Calculate the remainder when 22 is divided by k.
10
Let r be (-12)/10*(-70)/21. Suppose 0 = 4*z + r, 5*z = 4*s + z - 52. What is the remainder when 47 is divided by s?
11
Let v(d) = d + 12. What is the remainder when 9 is divided by v(-7)?
4
Let t = 1 - -2. Calculate the remainder when 8 is divided by t.
2
Let v = -4 - -10. Suppose x = v - 1. Calculate the remainder when 12 is divided by x.
2
Suppose -13 = -5*x + 2. Let s(w) = 0 + w**x - 5 - 3*w**2 - 1. What is the remainder when s(5) is divided by 15?
14
Suppose -8*f + 913 = -167. Calculate the remainder when f is divided by 17.
16
Let v(c) = -c - 3. Calculate the remainder when 39 is divided by v(-10).
4
Suppose 0 - 11 = -q. Calculate the remainder when 30 is divided by q.
8
Suppose -4*b - 3*y + 7 = 0, -b - 3*b + 3*y = -25. Let r = b - 3. What is the remainder when 34 is divided by (6/(-4))/(r/(-8))?
10
What is the remainder when (-1 - 1) + (-5 + 10 - -14) is divided by 3?
2
Let i = 90 + -50. Let r = 7 - -22. Let f = 50 - r. Calculate the remainder when i is divided by f.
19
Let b = -25 - -34. Calculate the remainder when 42 is divided by b.
6
Let z(o) = -o**3 - 2*o**2 + 3*o. Let k be z(-3). Let s = 4 - k. Suppose -3*i + 4 + s = w, 0 = -2*w + 4*i + 16. Calculate the remainder when w is divided by 3.
2
Let i = -15 + 20. Suppose -3*v + 42 = -2*v + 5*w, -v + i*w + 2 = 0. Calculate the remainder when 63 is divided by v.
19
Suppose 4*c - v - 39 = 0, -2*v + 25 = 2*c + 3*v. Calculate the remainder when 28 is divided by -2 - (3 - (c + 3)).
4
Let b(x) = x**3 - 5*x**2 + 11*x - 6. Suppose -5*h + 78 = -7. Calculate the remainder when b(5) is divided by h.
15
Let i(z) = -z + 16. Let n(o) = -2*o + 1. What is the remainder when n(-6) is divided by i(8)?
5
Suppose -1380 = -5*t + 2055. Suppose -5*l = -5*j + 92 - t, 0 = 4*j - 4. Suppose 0*s = -5*s + l. What is the remainder when s is divided by 13?
11
Let i = -24 + 14. Let c = -20 + i. Calculate the remainder when ((-18)/(-15))/((-4)/c) is divided by 4.
1
Suppose -3*c + 74 = -4*r - 51, -75 = -2*c + r. Calculate the remainder when 25 is divided by c/4 + 10/40.
7
What is the remainder when 30/75 + 2616/10 is divided by 44?
42
Suppose -4*z - 4 = 4. What is the remainder when 4 + -2 + z + 2 is divided by 2?
0
Let o = 61 - 109. Let n = 68 + o. What is the remainder when n is divided by 11?
9
Calculate the remainder when (-4)/(-14) + (-280)/(-49) is divided by 3.
0
Suppose 0*c = -2*c - 50. Let x be 1/3 + (-6)/(-9). What is the remainder when x + (1 - c) + 0 is divided by 14?
13
What is the remainder when 58/1 + -3 + -4 is divided by 27?
24
Suppose 2*d - o = 28, -3*d - d + 5*o = -56. Suppose -3*h + 70 = -d. Calculate the remainder when h is divided by 11 + 5/15*-3.
8
Let o = 1 + 4. Suppose 4*n - 2*z = o*n + 63, 0 = -3*n - 4*z - 185. Let q = n + 100. What is the remainder when q is divided by 21?
20
Let t = -12 - -22. Suppose -5 + 0 = 5*p + 4*s, 2*p = -s + 1. What is the remainder when t is divided by 2 + 3*2/p?
2
Suppose -5*w + 15 = -75. Let l be ((-3)/(-9))/(2/w). Suppose 0 = l*q + 9, q = -2*h - 2*h + 65. Calculate the remainder when 33 is divided by h.
16
Calculate the remainder when 28 is divided by 10 + 2*(21/(-6))/(-7).
6
Let d be (2/(-3))/(6/9). Let r(m) = 2*m + 7. Calculate the remainder when ((-8)/12)/(d/3) is divided by r(-3).
0
Suppose 1 = -x + 4. Suppose 2*q = -x*q + 175. Suppose -3*m - 6 = -42. What is the remainder when q is divided by m?
11
Let c be 3 + (-3)/6*-2. Suppose -212 + 60 = -c*s. Calculate the remainder when s is divided by 13.
12
Let v(t) = t**3 + 5*t**2 - 10. Suppose n + 25 = 5*h - 2*h, -35 = -h - 5*n. Calculate the remainder when h is divided by v(-4).
4
Suppose 4*a - a = 9. Calculate the remainder when a/12 + 75/4 is divided by 11.
8
Let n(b) = -2*b + 1. Let a = -9 - -5. Let d(g) = 8*g + 97. Calculate the remainder when d(-10) is divided by n(a).
8
Suppose 6*q - 3*q - 48 = 0. Let n be (1 + 0)/(6/102). Suppose -q = -h - 4*r 